7 a factor of 4328076?
True
Does 118 divide 13688?
True
Is 164436 a multiple of 279?
False
Is 75 a factor of 71775?
True
Is 50 a factor of 190642?
False
Is 7 a factor of 773294?
False
Is 98179 a multiple of 99?
False
Is 364 a factor of 1160068?
True
Does 9 divide 19351?
False
Is 27 a factor of 892721?
False
Does 8 divide 570960?
True
Is 5062752 a multiple of 652?
False
Is 40750 a multiple of 85?
False
Is 45560 a multiple of 136?
True
Is 726 a factor of 439230?
True
Is 403 a factor of 562185?
True
Does 2 divide 19346?
True
Is 5801380 a multiple of 53?
True
Is 41009 a multiple of 162?
False
Is 26190495 a multiple of 38?
False
Is 5064120 a multiple of 324?
True
Does 70 divide 9723630?
True
Is 176618 even?
True
Does 44 divide 29216?
True
Is 61 a factor of 747433?
True
Is 1032 a factor of 2462352?
True
Is 361800 a multiple of 300?
True
Is 2364500 a multiple of 4?
True
Is 2596152 a multiple of 162?
False
Is 32 a factor of 4097152?
True
Is 3 a factor of 29528?
False
Is 5008416 a multiple of 7?
True
Is 112 a factor of 342972?
False
Is 38 a factor of 16568152?
True
Is 455014 a multiple of 7?
True
Is 304 a factor of 1732677?
False
Is 37 a factor of 242498?
True
Is 1655931 a multiple of 4?
False
Is 14 a factor of 61922?
True
Is 5 a factor of 24210?
True
Is 48 a factor of 1214613?
False
Is 269 a factor of 1125906?
False
Is 926100 a multiple of 70?
True
Is 14287 a multiple of 138?
False
Is 1538 a factor of 5751748?
False
Is 261 a factor of 1415142?
True
Is 3 a factor of 667536?
True
Is 258340 a multiple of 5?
True
Is 464644 a multiple of 34?
True
Is 716 a factor of 2894072?
True
Is 397 a factor of 1017511?
True
Is 35 a factor of 537109?
False
Is 25102539 a multiple of 363?
True
Does 8 divide 3081386?
False
Is 15 a factor of 276723?
False
Does 55 divide 7822286?
False
Does 120 divide 165480?
True
Is 169218 a multiple of 63?
True
Is 1761819 a multiple of 92?
False
Does 23 divide 3581211?
False
Is 50 a factor of 1657200?
True
Is 256848 a multiple of 24?
True
Is 439938 a multiple of 54?
True
Is 2549204 a multiple of 395?
False
Is 16913 a multiple of 10?
False
Is 1362034 a multiple of 122?
False
Is 34591 a multiple of 178?
False
Is 4 a factor of 21252?
True
Is 134 a factor of 553420?
True
Is 5 a factor of 10725?
True
Is 997881 a multiple of 25?
False
Does 30 divide 260376?
False
Is 1784531 a multiple of 79?
True
Is 3149891 a multiple of 9?
False
Does 60 divide 91620?
True
Is 189040 a multiple of 17?
True
Is 11 a factor of 14751?
True
Is 447418 a multiple of 9?
False
Is 531298 a multiple of 15?
False
Is 767822 a multiple of 103?
False
Is 13 a factor of 57070?
True
Is 19052 a multiple of 173?
False
Does 19 divide 73511?
True
Does 5 divide 404770?
True
Is 33828 a multiple of 866?
False
Is 142 a factor of 11882560?
True
Does 40 divide 41320?
True
Is 3611991 a multiple of 277?
False
Is 168 a factor of 72912?
True
Is 3708704 a multiple of 92?
True
Is 195800 a multiple of 50?
True
Is 1286528 a multiple of 412?
False
Does 37 divide 1862062?
True
Is 920269 a multiple of 158?
False
Is 2817368 a multiple of 472?
True
Does 250 divide 690750?
True
Is 158 a multiple of 79?
True
Does 87 divide 2834069?
False
Is 6847086 a multiple of 195?
False
Is 212933 a multiple of 133?
True
Is 47 a factor of 52405?
True
Does 24 divide 1520029?
False
Does 27 divide 363582?
True
Is 21 a factor of 491232?
True
Is 607 a factor of 1467119?
True
Does 39 divide 148509?
False
Is 104320 a multiple of 128?
True
Does 45 divide 5181491?
False
Does 252 divide 905175?
False
Is 155 a factor of 3938705?
True
Is 13 a factor of 1705706?
False
Does 53 divide 45311?
False
Does 76 divide 2180364?
True
Is 105 a factor of 1080299?
False
Is 45696 a multiple of 14?
True
Is 110999 a multiple of 157?
True
Does 8 divide 5053346?
False
Is 67 a factor of 184602?
False
Does 211 divide 189056?
True
Is 3025575 a multiple of 357?
True
Does 235 divide 221135?
True
Does 7 divide 284165?
True
Is 16 a factor of 13484064?
True
Does 72 divide 231197?
False
Is 2050 a factor of 10313180?
False
Does 133 divide 898814?
True
Does 354 divide 215232?
True
Is 871 a factor of 296140?
True
Is 1357126 a multiple of 297?
False
Is 151 a factor of 123626?
False
Does 1037 divide 11913427?
False
Does 93 divide 158253?
False
Does 81 divide 1171989?
True
Does 111 divide 185592?
True
Is 14 a factor of 2392399?
False
Is 18704 a multiple of 8?
True
Is 26043400 a multiple of 20?
True
Is 4 a factor of 12104?
True
Is 5974936 a multiple of 197?
False
Is 507 a factor of 2910240?
False
Is 12 a factor of 94932?
True
Is 504280 a multiple of 8?
True
Is 6335284 a multiple of 67?
False
Does 89 divide 916255?
True
Does 57 divide 4350880?
False
Is 18 a factor of 33577?
False
Is 2523686 a multiple of 11?
True
Is 18 a factor of 17653?
False
Is 1908461 a multiple of 771?
False
Is 1324485 a multiple of 166?
False
Is 2 a factor of 10328?
True
Is 6549972 a multiple of 66?
True
Does 8 divide 178190?
False
Does 32 divide 14486543?
False
Does 162 divide 155844?
True
Is 16 a factor of 28640?
True
Does 37 divide 136927?
False
Is 8951733 a multiple of 302?
False
Does 59 divide 9988182?
False
Is 3816766 a multiple of 43?
True
Does 17 divide 224740?
True
Does 122 divide 162506?
False
Does 14 divide 20252338?
False
Does 369 divide 13131120?
False
Does 159 divide 717651?
False
Is 119532 a multiple of 12?
True
Is 64 a factor of 124544?
True
Does 250 divide 54726?
False
Is 362 a factor of 2896?
True
Is 127 a factor of 4411345?
True
Does 9 divide 148761?
True
Is 10 a factor of 1722873?
False
Is 747 a factor of 1112283?
True
Does 7 divide 102200?
True
Does 13 divide 325724?
False
Is 169455 a multiple of 79?
True
Is 1695900 a multiple of 20?
True
Does 24 divide 258243?
False
Does 21 divide 68208?
True
Is 2136866 a multiple of 271?
False
Is 244 a factor of 1222399?
False
Is 41 a factor of 7556627?
False
Does 140 divide 923972?
False
Is 3 a factor of 396131?
False
Does 1312 divide 8656547?
False
Does 10 divide 44440?
True
Does 9 divide 2195?
False
Is 107244 a multiple of 324?
True
Does 642 divide 1157526?
True
Is 13208440 a multiple of 386?
False
Is 52822 a multiple of 49?
True
Does 427 divide 2787897?
False
Does 247 divide 1321450?
True
Is 41 a factor of 4695648?
True
Is 44 a factor of 213620?
True
Is 57300 a multiple of 382?
True
Does 49 divide 490?
True
Is 57040 a multiple of 92?
True
Does 12 divide 801853?
False
Is 18 a factor of 1174950?
True
Is 1350944 a multiple of 326?
True
Is 3550986 a multiple of 513?
True
Does 149 divide 60231?
False
Is 105 a factor of 853391?
False
Does 151 divide 1686821?
True
Is 136598 a multiple of 63?
False
Is 28 a factor of 172536?
True
Is 13 a factor of 1052?
False
Is 4782 a multiple of 113?
False
Does 144 divide 74398?
False
Is 110502 a multiple of 6?
True
Is 1103072 a multiple of 808?
False
Is 18 a factor of 293208?
False
Does 23 divide 28267?
True
Is 33 a factor of 4369695?
True
Does 11 divide 23532989?
False
Does 4 divide 510176?
True
Is 230 a factor of 858196?
False
Is 39 a factor of 8304515?
False
Is 11 a factor of 1495377?
False
Does 53 divide 2457542?
False
Is 183 a factor of 691482?
False
Is 53 a factor of 7360534?
True
Is 31 a factor of 2498273?
False
Does 273 divide 3468465?
True
Is 251 a factor of 232302?
False
Is 11858 a multiple of 11?
True
Is 1123296 a multiple of 24?
True
Is 5109551 a multiple of 8?
False
Is 13 a factor of 10954302?
False
Is 4807425 a multiple of 75?
True
Does 29 divide 4257098?
False
Is 6 a factor of 191886?
True
Is 219 a factor of 2177079?
True
Is 20 a factor of 535986?
False
Is 51 a factor of 58293?
True
Does 11 divide 14418?
False
Does 2 divide 539282?
True
Does 242 divide 3287570?
True
Is 21 a factor of 573099?
False
Is 11 a factor of 334575?
False
Is 4 a factor of 5615652?
True
Is 16 a factor of 2160928?
True
Is 5627140 a multiple of 24?
False
Does 5 divide 84125?
True
Is 38 a factor of 200754?
True
Does 76 divide 808868?
True
Is 148 a factor of 6626404?
True
Is 13698533 a multiple of 411?
False
Is 510477 a multiple of 16?
False
Is 19641 a multiple of 2?
False
Is 18 a factor of 328572?
True
Does 176 divide 212784?
True
Is 2001310 a multiple of 585?
False
Does 103 divide 1564879?
True
Is 6 a factor of 184425?
False
Is 2329049 a multiple of 131?
True
Is 206448 a multiple of 17?
True
Does 9 divide 514232?
Fals